 is j(-1)?
-4
Let o(n) = -n**3 - 21*n**2 - 5. Calculate o(-21).
-5
Let y(a) = -a**3 + 18*a**2 - 2*a + 26. Calculate y(18).
-10
Let b(x) = -x**2 + 17*x + 41. Calculate b(19).
3
Let s(t) = t**3 + 2*t**2 - 14*t + 3. Give s(2).
-9
Let m(n) = 4*n - 22. Give m(19).
54
Let c(g) = g**3 + 9*g**2 - 12*g + 27. What is c(-11)?
-83
Let t(k) = k**3 - 5*k**2 - k - 1. Calculate t(5).
-6
Let q(p) = p**3 - 8*p**2 - 17. Calculate q(8).
-17
Let j(y) = 4*y - 167. Calculate j(49).
29
Let f(b) = b**2 - 15*b + 13. Determine f(13).
-13
Let o(b) = -2*b**2 + 18*b + 8. What is o(9)?
8
Let x(c) = c**2 - 57*c - 304. What is x(-5)?
6
Let g(l) = l**2 - 7*l. Determine g(6).
-6
Let i(z) = -14*z + 1193. Determine i(85).
3
Let n(w) = 37*w + 293. Determine n(-8).
-3
Let g(k) = -k**3 - 3*k**2 + 2*k + 2. Determine g(-3).
-4
Let n(t) = 4*t - 7. Calculate n(8).
25
Let x(r) = -r**2 - 2*r + 11. Calculate x(-5).
-4
Let p(r) = -r**3 + 14*r**2 + 15*r + 2. What is p(15)?
2
Let z(i) = i**2 - 5*i + 6. What is z(6)?
12
Let h(u) = -u**3 - 33*u**2 - u - 42. Determine h(-33).
-9
Let p(b) = -68*b**2 - 4*b - 1. Give p(-1).
-65
Let r(t) = -2*t**2 - 2*t + 2. What is r(-4)?
-22
Let o(u) = u**2 - 9*u + 13. Determine o(10).
23
Let i(g) = g**2 + g - 9. Determine i(-4).
3
Let k(s) = -s**2 - 4*s + 3. Give k(-6).
-9
Let v(o) = -o**3 + 4*o**2 - 26*o + 333. What is v(7)?
4
Let d(k) = k**3 - 5*k**2 + 3*k - 2. Determine d(4).
-6
Let x(o) = -o**3 + 20*o**2 - 27*o + 15. Calculate x(19).
-137
Let a(p) = -14*p**2 + 4*p - 3. Calculate a(1).
-13
Let v(h) = -83*h**3 + h**2. Give v(1).
-82
Let l(u) = -u + 19. Determine l(-5).
24
Let u(s) = -s**2 + 5*s - 2. What is u(5)?
-2
Let g(p) = 58*p**2 - p. Calculate g(-1).
59
Let s(r) = 10*r + 72. What is s(-7)?
2
Let l(g) = 10*g**2 + 4*g + 6. Determine l(-2).
38
Let c(q) = 2*q**2 - 25*q + 56. Give c(10).
6
Let j(k) = -k**3 - 34*k**2 - 65*k - 36. What is j(-32)?
-4
Let a(j) = j**3 - 20*j**2 + 18*j + 23. What is a(19)?
4
Let v(i) = 28*i + 138. Determine v(-5).
-2
Let l(q) = -11*q + 7. What is l(6)?
-59
Let j(i) = i**2 - 2*i - 9. Give j(5).
6
Let x(n) = -5*n + 2. Give x(2).
-8
Let r(c) = 21*c + 107. What is r(-7)?
-40
Let d(o) = -o**3 - 23*o**2 - o + 40. Give d(-23).
63
Let q(z) = z**3 - 3*z**2 - 7*z - 7. Give q(5).
8
Let l(a) = -a**3 - 2*a - 2. Calculate l(-2).
10
Let w(b) = b**2 + 22*b + 57. Give w(-17).
-28
Let l(z) = -z**3 + 28*z**2 - 54*z + 54. Determine l(26).
2
Let s(y) = -y + 1. Determine s(6).
-5
Let j(q) = 32*q + 4. Determine j(1).
36
Let c(i) = -11*i - 7. Determine c(-8).
81
Let t(u) = 14*u - 176. Calculate t(12).
-8
Let v(h) = -8*h + 35. Give v(6).
-13
Let r(g) = 10*g - 10. Calculate r(-3).
-40
Let k(m) = 9*m - 40. What is k(4)?
-4
Let p(x) = -x**3 + 4*x**2 - 2. What is p(3)?
7
Let y(t) = 33*t**3 + 3*t**2 + 2*t. Determine y(-1).
-32
Let a(u) = -u**2 + 7*u - 5. Determine a(11).
-49
Let d(v) = v - 3. Determine d(9).
6
Let h(d) = 22*d**2 + d - 2. Determine h(1).
21
Let v(s) = -s**3 + 6*s**2 + 18*s - 14. Calculate v(8).
2
Let d(m) = -m**3 + 6*m**2 - m - 1. Give d(4).
27
Let f(l) = 4*l**2 + 7*l + 6. Give f(-5).
71
Let i(o) = 2*o - 6. Give i(-6).
-18
Let m(x) = -2*x**2 + 20*x + 5. What is m(10)?
5
Let x(c) = c - 63. Determine x(26).
-37
Let y(w) = -32*w - 35. What is y(-1)?
-3
Let u(f) = f**2 + f + 49. What is u(0)?
49
Let w(o) = 3*o - 40. What is w(0)?
-40
Let g(l) = -16*l + 974. Give g(61).
-2
Let p(q) = 8*q - 104. Calculate p(13).
0
Let u(j) = 2*j**2 - 21*j + 2. Calculate u(10).
-8
Let r(t) = 4*t + 1. Calculate r(2).
9
Let y(g) = -3*g**3 - g**2 + 3*g + 4. Calculate y(-1).
3
Let n(u) = 6*u**2 - 62*u + 21. Calculate n(10).
1
Let d(r) = r**2 - 39*r - 39. Calculate d(40).
1
Let o(h) = h + 2. Give o(-22).
-20
Let o(f) = -2*f**2 + 23*f - 19. Calculate o(11).
-8
Let v(j) = -2*j**3 + 18*j**2 - 9*j + 15. Determine v(8).
71
Let a(p) = 2*p**2 - 5*p - 2. Give a(4).
10
Let o(q) = q**3 + 4*q**2 - 7*q + 2. What is o(-6)?
-28
Let s(b) = -b**2 + 5*b - 4. What is s(5)?
-4
Let q(y) = -34*y - 12. Determine q(-1).
22
Let u(k) = -4*k**2 - 14*k + 4. Give u(-3).
10
Let x(c) = -c**3 + 7*c**2 - 5*c - 2. Determine x(6).
4
Let x(f) = 3*f. Calculate x(10).
30
Let y(w) = 34*w**2 + 17*w - 16. Determine y(1).
35
Let t(w) = w - 22. Give t(22).
0
Let r(t) = -t**2 - 7*t - 6. Give r(-6).
0
Let q(o) = 9*o**2 + o - 1. Give q(-1).
7
Let o(y) = y**3 + 10*y**2 + 11*y. Calculate o(-7).
70
Let j(v) = -46*v + 1059. Give j(23).
1
Let z(y) = 2*y**3 + 4. Calculate z(2).
20
Let v(d) = -2*d + 63. What is v(-27)?
117
Let f(a) = a + 59. What is f(-9)?
50
Let t(f) = -f**2 - 5*f + 11. Calculate t(-12).
-73
Let o(l) = l**2. Calculate o(0).
0
Let j(m) = -m**3 - 3*m**2 - 7*m - 91. What is j(-5)?
-6
Let a(v) = 2*v**3 - v**2 - 4*v + 6. What is a(2)?
10
Let m(f) = 2*f**2 + 35*f + 13. Determine m(-17).
-4
Let w(q) = q**2 - 10*q + 14. Give w(10).
14
Let a(j) = 7*j + 60. Give a(-6).
18
Let n(g) = -g**3 - 4*g**2 + 3*g + 3. Determine n(-4).
-9
Let l(b) = 9*b - 13. Determine l(-9).
-94
Let i(o) = -2*o**3 - 20*o**2 - 3*o - 26. Determine i(-10).
4
Let h(i) = i**2 + i + 2. Give h(-1).
2
Let n(a) = -a**3 - 5*a**2 + 11*a + 23. Determine n(-6).
-7
Let x(q) = -q**2 - 19*q - 5. Determine x(-19).
-5
Let v(t) = t**2 + 9*t - 21. Give v(5).
49
Let f(k) = -2*k**3 - 19*k**2 + 9*k - 13. Calculate f(-10).
-3
Let p(g) = -g**2 - 12*g + 37. Determine p(-18).
-71
Let u(r) = -5*r + 4. Calculate u(2).
-6
Let y(q) = -4*q**3 + q**2 + 2*q + 1. What is y(-1)?
4
Let a(t) = 41*t - 132. Calculate a(4).
32
Let u(h) = h**3 + 23*h**2 - 48*h + 29. Determine u(-25).
-21
Let b(r) = -r**3 - 7*r**2 - 2*r - 10. Determine b(-7).
4
Let w(f) = -4*f - 8. Give w(8).
-40
Let p(a) = a**3 + 10*a**2 + 16*a + 11. Determine p(-7).
46
Let l(t) = -t**2 - 40*t + 46. What is l(-42)?
-38
Let s(l) = 2*l + 3. Give s(-6).
-9
Let o(v) = 2*v. What is o(1)?
2
Let h(y) = y**3 - 5*y**2 - 20*y - 1. Determine h(9).
143
Let t(z) = 8*z**2 - 3. What is t(-2)?
29
Let h(q) = -q - 45. Give h(0).
-45
Let q(r) = r - 16. Determine q(9).
-7
Let l(n) = 7*n**2 + 2*n. Determine l(-2).
24
Let l(q) = -36*q - 253. Calculate l(-7).
-1
Let d(p) = p**2 - 9*p + 29. Determine d(7).
15
Let u(b) = -2*b**2 + 3*b + 9. Calculate u(0).
9
Let q(t) = -t**2 + 19*t - 105. Give q(10).
-15
Let f(d) = d + 19. Determine f(8).
27
Let x(v) = v - 4. Calculate x(12).
8
Let t(u) = -4*u**3 + u**2 + u + 3. What is t(0)?
3
Let s(t) = -2*t**2 + 9*t - 12. Give s(2).
-2
Let g(q) = -q**3 - 7*q**2 + 4. What is g(-7)?
4
Let g(l) = -4*l - 3. Determine g(-2).
5
Let b(l) = l**2 + 8*l - 11. Give b(-9).
-2
Let t(j) = -j - 13. Calculate t(3).
-16
Let i(y) = -4*y + 43. Give i(11).
-1
Let n(x) = 3*x**2 - 36*x - 17. Determine n(14).
67
Let p(z) = -z**3 + 5*z**2 - z - 9. Determine p(3).
6
Let h(g) = -2*g**2 - 2*g + 5. Determine h(5).
-55
Let j(g) = 2*g + 149. Determine j(-41).
67
Let v(k) = -13*k + 4. Calculate v(-8).
108
Let m(o) = -o**3 + 17*o**2 - 58*o - 18. What is m(5)?
-8
Let z(b) = b**3 + 11*b**2 + 18*b - 19. Calculate z(-9).
-19
Let u(s) = -s**2 - 12*s + 7. Calculate u(-12).
7
Let i(y) = y**2 + 7*y + 7. Give i(-4).
-5
Let s(i) = -i**3 + 14*i**2 + 2*i - 20. Calculate s(14).
8
Let i(t) = -t**2 - 8*t + 56. Calculate i(-11).
23
Let u(t) = -t**3 + t**2 - 5. Calculate u(0).
-5
Let q(g) = -6*g**2 + 2*g - 11. What is q(4)?
-99
Let n(x) = -2*x**2 - 7*x + 11. Calculate n(-4).
7
Let l(n) = 3*n + 7. Give l(7).
28
Let t(x) = 23*x + 13. What is t(-3)?
-56
Let c(w) = -w**3 + 7*w**2 + 16*w + 13. Give c(9).
-5
Let w(i) = 7*i + 91. Give w(-15).
-14
Let g(v) = -12*v + 3. What is g(1)?
-9
Let l(b) = -b**2 - b + 5. Determine l(-4).
-7
Let v(r) = -51*r**3 + 2*r**2 + 3*r + 2. What is v(-1)?
52
Let b(h) = h**2 - 5*h + 19. Calculate b(5).
19
Let n(z) = z - 2. Calculate n(-7).
-9
Let i(x) = x**3 + 7*x**2 + 2*x + 3. What is i(-6)?
27
Let s(r) = -r**3 - 5*r**2 - 14*r - 9. What is s(-1)?
1
Let z(m) = -5*m + 5. Determine z(4).
-15
Let c(m) = 24*m - 122. Calculate c(6).
22
Let u(w) = -w**2 - 12*w - 3. Give u(-5).
32
Let i(p) = -p**2 - 24*p - 10. Calculate i(-23).
13
Let w(u) = -u**3 + u - 5. Determine w(0).
-5
Let g(i) = -6*i - 19. Give g(-9).
35
Let r(t) = t**2 + 12*t + 13. Give r(-10).
-7
Let b(r) = r**3 + 13*r**2 - 15*r - 7. What is b(-14)?
7
Let p(g) = -2*g**3 + 20*g**2 - 7*g - 7. What is p(10)?
-77
Let z(n) = n**3 + 13*n**2 + 23*n + 8. Give z(-11).
-3
Let t(s) = -3*s 